{"id":67,"date":"2024-02-25T09:40:06","date_gmt":"2024-02-25T08:40:06","guid":{"rendered":"https:\/\/slezskatour.cz\/?page_id=67"},"modified":"2024-02-26T08:05:27","modified_gmt":"2024-02-26T07:05:27","slug":"masterseniorky-brutto-2023","status":"publish","type":"page","link":"https:\/\/slezskatour.cz\/?page_id=67","title":{"rendered":"\u00a0Masterseniorky brutto 2023"},"content":{"rendered":"\n<figure class=\"wp-block-table\"><table><tbody><tr><td>&nbsp;<\/td><td>&nbsp;<\/td><td>&nbsp;<\/td><td colspan=\"6\"><strong>MasterSeniorky &#8211; R\u00e1ny brutto 2023<\/strong><\/td><td>&nbsp;<\/td><td>&nbsp;<\/td><td>&nbsp;<\/td><td>&nbsp;<\/td><td>&nbsp;<\/td><td>&nbsp;<\/td><td>&nbsp;<\/td><\/tr><tr><td>&nbsp;<\/td><td>&nbsp;<\/td><td>&nbsp;<\/td><td><strong>&nbsp;<\/strong><\/td><td>&nbsp;<\/td><td>&nbsp;<\/td><td>&nbsp;<\/td><td>&nbsp;<\/td><td>&nbsp;<\/td><td>&nbsp;<\/td><td>&nbsp;<\/td><td>&nbsp;<\/td><td>&nbsp;<\/td><td>&nbsp;<\/td><td>&nbsp;<\/td><td>&nbsp;<\/td><\/tr><tr><td>&nbsp;<\/td><td>&nbsp;<\/td><td>Lipin<\/td><td>\u0160ilh\u0159<\/td><td>Ro\u017enov<\/td><td>Krava\u0159<\/td><td>MMS<\/td><td>Rosa<\/td><td>Ropice<\/td><td>Krava\u0159<\/td><td>Slavkov<\/td><td>Olomo<\/td><td><strong>&nbsp;<\/strong><\/td><td><strong>Nej. 7<\/strong><\/td><td>Fin\u00e1le<\/td><td>Celkem<\/td><\/tr><tr><td>&nbsp;<\/td><td>&nbsp;<\/td><td>&nbsp;<\/td><td>&nbsp;<\/td><td>&nbsp;<\/td><td>&nbsp;<\/td><td>\u010celad<\/td><td>PL<\/td><td>&nbsp;<\/td><td>PL<\/td><td>PL<\/td><td><strong>&nbsp;<\/strong><\/td><td><strong>&nbsp;<\/strong><\/td><td>&nbsp;<\/td><td>&nbsp;<\/td><td>&nbsp;<\/td><\/tr><tr><td><strong>1<\/strong><\/td><td><strong>PROKOPOV\u00c1 Old\u0159i\u0161ka<\/strong><\/td><td><strong>42<\/strong><\/td><td><strong>36<\/strong><\/td><td><strong>29<\/strong><\/td><td><strong>50<\/strong><\/td><td><strong>42<\/strong><\/td><td><strong>&nbsp;<\/strong><\/td><td><strong>32<\/strong><\/td><td><strong>50<\/strong><\/td><td><strong>60<\/strong><\/td><td><strong>60<\/strong><\/td><td><strong>&nbsp;<\/strong><\/td><td><strong>340<\/strong><\/td><td><strong>42<\/strong><\/td><td><strong>382<\/strong><\/td><\/tr><tr><td><strong>2<\/strong><\/td><td><strong>DELFAVEROV\u00c1 Stanislava<\/strong><\/td><td><strong>60<\/strong><\/td><td><strong>&nbsp;<\/strong><\/td><td><strong>32<\/strong><\/td><td><strong>&nbsp;<\/strong><\/td><td><strong>50<\/strong><\/td><td><strong>&nbsp;<\/strong><\/td><td><strong>60<\/strong><\/td><td><strong>60<\/strong><\/td><td><strong>&nbsp;<\/strong><\/td><td><strong>&nbsp;<\/strong><\/td><td><strong>&nbsp;<\/strong><\/td><td><strong>262<\/strong><\/td><td><strong>36<\/strong><\/td><td><strong>298<\/strong><\/td><\/tr><tr><td><strong>3<\/strong><\/td><td><strong>VITOV\u00c1 Anna<\/strong><\/td><td><strong>50<\/strong><\/td><td><strong>60<\/strong><\/td><td><strong>60<\/strong><\/td><td><strong>&nbsp;<\/strong><\/td><td><strong>&nbsp;<\/strong><\/td><td><strong>&nbsp;<\/strong><\/td><td><strong>36<\/strong><\/td><td><strong>&nbsp;<\/strong><\/td><td><strong>&nbsp;<\/strong><\/td><td><strong>&nbsp;<\/strong><\/td><td><strong>&nbsp;<\/strong><\/td><td><strong>206<\/strong><\/td><td><strong>60<\/strong><\/td><td><strong>266<\/strong><\/td><\/tr><tr><td><strong>4<\/strong><\/td><td><strong>LAN\u00cdKOV\u00c1 Miroslava<\/strong><\/td><td><strong>&nbsp;<\/strong><\/td><td><strong>&nbsp;<\/strong><\/td><td><strong>42<\/strong><\/td><td><strong>60<\/strong><\/td><td><strong>36<\/strong><\/td><td><strong>&nbsp;<\/strong><\/td><td><strong>42<\/strong><\/td><td><strong>&nbsp;<\/strong><\/td><td><strong>50<\/strong><\/td><td><strong>&nbsp;<\/strong><\/td><td><strong>&nbsp;<\/strong><\/td><td><strong>230<\/strong><\/td><td><strong>23<\/strong><\/td><td><strong>253<\/strong><\/td><\/tr><tr><td><strong>5<\/strong><\/td><td><strong>KO\u0160INOV\u00c1 Vlasta<\/strong><\/td><td><strong>36<\/strong><\/td><td><strong>&nbsp;<\/strong><\/td><td><strong>36<\/strong><\/td><td><strong>&nbsp;<\/strong><\/td><td><strong>32<\/strong><\/td><td><strong>&nbsp;<\/strong><\/td><td><strong>&nbsp;<\/strong><\/td><td><strong>&nbsp;<\/strong><\/td><td><strong>&nbsp;<\/strong><\/td><td><strong>&nbsp;<\/strong><\/td><td><strong>&nbsp;<\/strong><\/td><td><strong>104<\/strong><\/td><td><strong>29<\/strong><\/td><td><strong>133<\/strong><\/td><\/tr><tr><td><strong>6<\/strong><\/td><td><strong>H\u016eRKOV\u00c1 Jana<\/strong><\/td><td><strong>&nbsp;<\/strong><\/td><td><strong>&nbsp;<\/strong><\/td><td><strong>&nbsp;<\/strong><\/td><td><strong>&nbsp;<\/strong><\/td><td><strong>60<\/strong><\/td><td><strong>&nbsp;<\/strong><\/td><td><strong>&nbsp;<\/strong><\/td><td><strong>&nbsp;<\/strong><\/td><td><strong>&nbsp;<\/strong><\/td><td><strong>&nbsp;<\/strong><\/td><td><strong>&nbsp;<\/strong><\/td><td><strong>60<\/strong><\/td><td><strong>50<\/strong><\/td><td><strong>110<\/strong><\/td><\/tr><tr><td><strong>7<\/strong><\/td><td><strong>HIKLOV\u00c1 Jindra<\/strong><\/td><td><strong>&nbsp;<\/strong><\/td><td><strong>&nbsp;<\/strong><\/td><td><strong>23<\/strong><\/td><td><strong>&nbsp;<\/strong><\/td><td><strong>&nbsp;<\/strong><\/td><td><strong>&nbsp;<\/strong><\/td><td><strong>&nbsp;<\/strong><\/td><td><strong>&nbsp;<\/strong><\/td><td><strong>42<\/strong><\/td><td><strong>&nbsp;<\/strong><\/td><td><strong>&nbsp;<\/strong><\/td><td><strong>65<\/strong><\/td><td><strong>25<\/strong><\/td><td><strong>90<\/strong><\/td><\/tr><tr><td><strong>8<\/strong><\/td><td><strong>JAN\u00cdKOV\u00c1 Alena<\/strong><\/td><td><strong>&nbsp;<\/strong><\/td><td><strong>29<\/strong><\/td><td><strong>&nbsp;<\/strong><\/td><td><strong>&nbsp;<\/strong><\/td><td><strong>&nbsp;<\/strong><\/td><td><strong>&nbsp;<\/strong><\/td><td><strong>&nbsp;<\/strong><\/td><td><strong>&nbsp;<\/strong><\/td><td><strong>&nbsp;<\/strong><\/td><td><strong>&nbsp;<\/strong><\/td><td><strong>&nbsp;<\/strong><\/td><td><strong>29<\/strong><\/td><td><strong>32<\/strong><\/td><td><strong>61<\/strong><\/td><\/tr><tr><td><strong>9<\/strong><\/td><td><strong>ROH\u00c1\u010cKOV\u00c1 Eva<\/strong><\/td><td><strong>&nbsp;<\/strong><\/td><td><strong>&nbsp;<\/strong><\/td><td><strong>25<\/strong><\/td><td><strong>&nbsp;<\/strong><\/td><td><strong>&nbsp;<\/strong><\/td><td><strong>&nbsp;<\/strong><\/td><td><strong>&nbsp;<\/strong><\/td><td><strong>&nbsp;<\/strong><\/td><td><strong>&nbsp;<\/strong><\/td><td><strong>&nbsp;<\/strong><\/td><td><strong>&nbsp;<\/strong><\/td><td><strong>25<\/strong><\/td><td><strong>27<\/strong><\/td><td><strong>52<\/strong><\/td><\/tr><tr><td><strong>10<\/strong><\/td><td><strong>HUDE\u010cKOV\u00c1 Anna<\/strong><\/td><td><strong>&nbsp;<\/strong><\/td><td><strong>50<\/strong><\/td><td><strong>&nbsp;<\/strong><\/td><td><strong>&nbsp;<\/strong><\/td><td><strong>&nbsp;<\/strong><\/td><td><strong>&nbsp;<\/strong><\/td><td><strong>&nbsp;<\/strong><\/td><td><strong>&nbsp;<\/strong><\/td><td><strong>&nbsp;<\/strong><\/td><td><strong>&nbsp;<\/strong><\/td><td><strong>&nbsp;<\/strong><\/td><td><strong>50<\/strong><\/td><td><strong>&nbsp;<\/strong><\/td><td><strong>50<\/strong><\/td><\/tr><tr><td><strong>11<\/strong><\/td><td><strong>VOLN\u00c1 Renata<\/strong><\/td><td><strong>&nbsp;<\/strong><\/td><td><strong>&nbsp;<\/strong><\/td><td><strong>50<\/strong><\/td><td><strong>&nbsp;<\/strong><\/td><td><strong>&nbsp;<\/strong><\/td><td><strong>&nbsp;<\/strong><\/td><td><strong>&nbsp;<\/strong><\/td><td><strong>&nbsp;<\/strong><\/td><td><strong>&nbsp;<\/strong><\/td><td><strong>&nbsp;<\/strong><\/td><td><strong>&nbsp;<\/strong><\/td><td><strong>50<\/strong><\/td><td><strong>&nbsp;<\/strong><\/td><td><strong>50<\/strong><\/td><\/tr><tr><td><strong>12<\/strong><\/td><td><strong>AERTSOV\u00c1 Jana<\/strong><\/td><td><strong>&nbsp;<\/strong><\/td><td><strong>&nbsp;<\/strong><\/td><td><strong>&nbsp;<\/strong><\/td><td><strong>&nbsp;<\/strong><\/td><td><strong>&nbsp;<\/strong><\/td><td><strong>&nbsp;<\/strong><\/td><td><strong>50<\/strong><\/td><td><strong>&nbsp;<\/strong><\/td><td><strong>&nbsp;<\/strong><\/td><td><strong>&nbsp;<\/strong><\/td><td><strong>&nbsp;<\/strong><\/td><td><strong>50<\/strong><\/td><td><strong>&nbsp;<\/strong><\/td><td><strong>50<\/strong><\/td><\/tr><tr><td><strong>13<\/strong><\/td><td><strong>KUCI\u00c1NOV\u00c1 Magdalena<\/strong><\/td><td><strong>&nbsp;<\/strong><\/td><td><strong>42<\/strong><\/td><td><strong>&nbsp;<\/strong><\/td><td><strong>&nbsp;<\/strong><\/td><td><strong>&nbsp;<\/strong><\/td><td><strong>&nbsp;<\/strong><\/td><td><strong>&nbsp;<\/strong><\/td><td><strong>&nbsp;<\/strong><\/td><td><strong>&nbsp;<\/strong><\/td><td><strong>&nbsp;<\/strong><\/td><td><strong>&nbsp;<\/strong><\/td><td><strong>42<\/strong><\/td><td><strong>&nbsp;<\/strong><\/td><td><strong>42<\/strong><\/td><\/tr><tr><td><strong>14<\/strong><\/td><td><strong>KALLUSOV\u00c1 Libu\u0161e<\/strong><\/td><td><strong>&nbsp;<\/strong><\/td><td><strong>32<\/strong><\/td><td><strong>&nbsp;<\/strong><\/td><td><strong>&nbsp;<\/strong><\/td><td><strong>&nbsp;<\/strong><\/td><td><strong>&nbsp;<\/strong><\/td><td><strong>&nbsp;<\/strong><\/td><td><strong>&nbsp;<\/strong><\/td><td><strong>&nbsp;<\/strong><\/td><td><strong>&nbsp;<\/strong><\/td><td><strong>&nbsp;<\/strong><\/td><td><strong>32<\/strong><\/td><td><strong>&nbsp;<\/strong><\/td><td><strong>32<\/strong><\/td><\/tr><tr><td><strong>15<\/strong><\/td><td><strong>KOTL\u00c1NOV\u00c1 Irena<\/strong><\/td><td><strong>&nbsp;<\/strong><\/td><td><strong>&nbsp;<\/strong><\/td><td><strong>27<\/strong><\/td><td><strong>&nbsp;<\/strong><\/td><td><strong>&nbsp;<\/strong><\/td><td><strong>&nbsp;<\/strong><\/td><td><strong>&nbsp;<\/strong><\/td><td><strong>&nbsp;<\/strong><\/td><td><strong>&nbsp;<\/strong><\/td><td><strong>&nbsp;<\/strong><\/td><td><strong>&nbsp;<\/strong><\/td><td><strong>27<\/strong><\/td><td><strong>&nbsp;<\/strong><\/td><td><strong>27<\/strong><\/td><\/tr><\/tbody><\/table><\/figure>\n","protected":false},"excerpt":{"rendered":"<p>&nbsp; &nbsp; &nbsp; MasterSeniorky &#8211; R\u00e1ny brutto 2023 &nbsp; &nbsp; &nbsp; &nbsp; &nbsp; &nbsp; &nbsp; &nbsp; &nbsp; &nbsp; &nbsp; &nbsp; &nbsp; &nbsp; &nbsp; &nbsp; &nbsp; &nbsp; &nbsp; &nbsp; &nbsp; &nbsp; &nbsp; &nbsp; &nbsp; Lipin \u0160ilh\u0159 Ro\u017enov Krava\u0159 MMS Rosa Ropice Krava\u0159 Slavkov Olomo &nbsp; Nej. 7 Fin\u00e1le Celkem &nbsp; &nbsp; &nbsp; &nbsp; &nbsp; &nbsp; \u010celad &hellip; <a href=\"https:\/\/slezskatour.cz\/?page_id=67\" class=\"more-link\">Czytaj dalej <span class=\"screen-reader-text\">\u00a0Masterseniorky brutto 2023<\/span> <span class=\"meta-nav\">&rarr;<\/span><\/a><\/p>\n","protected":false},"author":1,"featured_media":0,"parent":0,"menu_order":0,"comment_status":"closed","ping_status":"closed","template":"","meta":{"footnotes":""},"class_list":["post-67","page","type-page","status-publish","hentry"],"_links":{"self":[{"href":"https:\/\/slezskatour.cz\/index.php?rest_route=\/wp\/v2\/pages\/67","targetHints":{"allow":["GET"]}}],"collection":[{"href":"https:\/\/slezskatour.cz\/index.php?rest_route=\/wp\/v2\/pages"}],"about":[{"href":"https:\/\/slezskatour.cz\/index.php?rest_route=\/wp\/v2\/types\/page"}],"author":[{"embeddable":true,"href":"https:\/\/slezskatour.cz\/index.php?rest_route=\/wp\/v2\/users\/1"}],"replies":[{"embeddable":true,"href":"https:\/\/slezskatour.cz\/index.php?rest_route=%2Fwp%2Fv2%2Fcomments&post=67"}],"version-history":[{"count":2,"href":"https:\/\/slezskatour.cz\/index.php?rest_route=\/wp\/v2\/pages\/67\/revisions"}],"predecessor-version":[{"id":177,"href":"https:\/\/slezskatour.cz\/index.php?rest_route=\/wp\/v2\/pages\/67\/revisions\/177"}],"wp:attachment":[{"href":"https:\/\/slezskatour.cz\/index.php?rest_route=%2Fwp%2Fv2%2Fmedia&parent=67"}],"curies":[{"name":"wp","href":"https:\/\/api.w.org\/{rel}","templated":true}]}}